c + 4*k + 18. Suppose 0*n = 2*n - c. Let t = 78 - 6. What is the highest common factor of n and t?
9
Suppose -2*s - 240 = -3*s. What is the highest common divisor of s and 48?
48
Let r(y) = 10*y**2 + y - 6. Let c be r(2). Calculate the highest common divisor of c and 9.
9
Let x be 222/7 + (-2)/(-7). Suppose -x = 5*t - 352. Let q(g) = 15*g**2 - 2*g - 1. Let i be q(-1). What is the highest common divisor of i and t?
16
Let n(m) be the third derivative of m**5/60 - 5*m**4/24 - m**3/6 + m**2. Let l be n(6). What is the greatest common divisor of 2 and l?
1
Let n be 2/(-10) - (-80)/25. Suppose -29 = -n*y + 7. Let k = 1 + 11. What is the greatest common factor of y and k?
12
Let p(s) = s + 10. Let x be p(0). Let b(l) = l**2 - l. Let o be b(-2). Suppose -2*n = o - 14. What is the greatest common divisor of x and n?
2
Let w(l) = -l**3 + 4*l**2. Let v be w(3). Let o be ((-14)/3)/((-6)/v). What is the greatest common factor of o and 77?
7
Let f = -6 - -127. Let w(k) = k**3 - 3*k**2 - k - 1. Let q be w(4). Calculate the highest common divisor of q and f.
11
Suppose -18 = -m - a, -5*m - 2*a - a = -96. Calculate the highest common divisor of m and 84.
21
Let d be (-8)/(-3)*78/8. Suppose -6 + d = 4*x, -3*x - 315 = -2*r. Calculate the greatest common divisor of r and 15.
15
Let i be 1*(1/(-1) + 6). Suppose i*l + 24 = -226. Let b = l - -90. What is the greatest common divisor of 16 and b?
8
Suppose -3*o - q = -8*o + 854, 0 = -o - 5*q + 176. Let f = 57 + -116. Let x = f + o. Calculate the greatest common divisor of 14 and x.
14
Let t = 24 + -22. What is the greatest common divisor of t and 3?
1
Suppose 4*s + 5*f - 117 = 0, 4*f + f + 79 = 3*s. Suppose -4*d - 148 = -4*h, 33 = 5*d + 8. What is the greatest common divisor of s and h?
14
Suppose 0 = 4*w + 72 + 8. Let a be -154*(w/8)/5. What is the greatest common divisor of 11 and a?
11
Let j be (9/4)/((-2)/(-16)). What is the greatest common divisor of j and 2?
2
Let o(m) = -m**2 - 10*m + 1. Let p be o(-7). What is the greatest common factor of p and 2?
2
Let o = 1 - 10. Let i be (-9)/3*12/o. Calculate the highest common divisor of i and 20.
4
Let j = 86 + 58. Let c = -92 + j. What is the highest common divisor of c and 13?
13
Suppose -2*n - 3*n = -1760. Suppose -5*y + n = 4*u, 7*u - 4*u = 4*y - 263. Suppose g = -g + y. Calculate the greatest common divisor of g and 17.
17
Let d = -1 + -5. Let z be ((-17)/(-2))/((-3)/d). Suppose -3*t - 153 = -6*t. Calculate the highest common factor of z and t.
17
Let a be 1 + (-9 - -19)*2*1. Calculate the highest common divisor of a and 7.
7
Suppose -5*s - 5*y = -5, -3*y - 39 = -3*s - s. Let m = -17 - -26. What is the highest common factor of m and s?
3
Let s(g) = -19*g - 13. Let f be s(-3). What is the greatest common factor of f and 22?
22
Let u(b) = 2*b**2 + 8*b - 2. Let t be u(-6). Suppose 0*j - t = -2*j. Calculate the greatest common factor of j and 1.
1
Let v be (6/(-5))/((-3)/80). Suppose -3*n = -55 - 89. What is the greatest common divisor of n and v?
16
Let n(m) = 8*m - 4*m - m + m**2 + 1. Let x be n(-4). What is the greatest common divisor of 40 and x?
5
Suppose 3*i = -2*n - 3 + 24, 4*i = -2*n + 24. Calculate the highest common factor of 15 and n.
3
Let u(a) = a**3 + 12*a**2 - 10*a - 10. Let k be u(-11). What is the highest common factor of 17 and k?
17
Let r be 524/10 + 11/(55/(-2)). Calculate the greatest common factor of 130 and r.
26
Let o(u) = 30*u - 3. Let d be o(-8). Let a = d - -363. Suppose -h = 3*h - a. Calculate the highest common divisor of h and 75.
15
Suppose f - 6 = -f. Let p be f + (-3)/9*-3. What is the greatest common divisor of p and 32?
4
Let z = 5 - -51. Let q(a) = a**3 - 7*a**2 - a - 8. Let p be q(7). Let g = p - -22. Calculate the highest common divisor of z and g.
7
Suppose 5*y = -0*y - 25. Let z be 83 - 1*(2 + -2). Let s be 2/5 - z/y. Calculate the highest common factor of 136 and s.
17
Let d = 7 + -6. Let p be d*(2 - 5)/3. Let v be 14 - p/((-1)/(-2)). Calculate the highest common divisor of 2 and v.
2
Suppose -o = 3*x - 8*x - 25, -4*o = 2*x - 122. Let u = 45 - o. Calculate the highest common divisor of u and 6.
3
Suppose 2*r + 75 - 215 = 0. Let f = r + 20. What is the highest common factor of 10 and f?
10
Suppose 2*q = -3*s - 47, 3*q = 4*s - 19 - 9. Let b = q + 28. Calculate the greatest common factor of 60 and b.
12
Let p = -11 - -15. Suppose 0 = 2*b - p*b + 12. Suppose -3*x + 0*x + 45 = 0. Calculate the greatest common divisor of b and x.
3
Suppose -2*w + 91 = t, -4*w + 2*t = -199 + 21. What is the greatest common divisor of 30 and w?
15
Let l = 149 + -59. Let w(z) = -z**3 - 3*z**2 - 6*z - 4. Let i be w(-4). What is the greatest common factor of i and l?
18
Let t = -32 + 3. Let l = t - -56. Suppose -3*i = 5*a - 29, -i = -3*i - 2*a + 26. What is the greatest common divisor of i and l?
9
Suppose 178 + 260 = 2*r. Let j = -156 + r. Suppose -49 = -5*p - v, 5*v = 4*p - 3*p + 11. Calculate the highest common factor of p and j.
9
Let v be ((-10)/(-25))/((-1)/(-15)). Suppose -5*d = f + f - 100, d + 2*f - 12 = 0. Let x be 92/22 - 4/d. Calculate the highest common divisor of x and v.
2
Let u = 322 + -312. Let d = 2 - 2. Let l(v) = -v**2 - v + 2. Let a be l(d). What is the greatest common factor of a and u?
2
Suppose -11 = -c - 4. What is the greatest common factor of 35 and c?
7
Let r = 5 - 8. Let v be 1/r - 13/(-3). What is the highest common divisor of 44 and v?
4
Let t(n) be the first derivative of 2*n**3/3 + n**2 + 10*n + 1. Suppose 20 = -5*g + 65. Let o be t(g). What is the highest common divisor of o and 19?
19
Let b be (-43)/(-9) + (-4)/(-18). Let w be (3/(-5))/(b/(-175)). What is the greatest common factor of w and 105?
21
Suppose 2*s - 2 - 42 = 0. Calculate the greatest common factor of 88 and s.
22
Let t = -99 + 106. Let d(j) = 4 - 4 + j**2 + j + 1. Let w be d(-1). What is the greatest common divisor of w and t?
1
Let b = -39 + 81. Calculate the greatest common factor of 63 and b.
21
Suppose 24 = 3*y - 3*q, -y - 2*y + 8 = q. Let o = 8 - y. Calculate the greatest common factor of o and 8.
4
Suppose -4 - 16 = -2*l + 4*p, -l - 2*p = -14. What is the highest common divisor of 156 and l?
12
Let a(y) = y - 7. Let v(j) = -j + 15. Let l be v(4). Let o be a(l). Let z(f) = 6*f + 8. Let p be z(6). What is the greatest common factor of p and o?
4
Let x be (-1)/(-7) + (-83)/(-7). Suppose -2*n + h = 413, -3*n - h = -n + 415. Let f = n - -291. What is the greatest common divisor of x and f?
12
Let u = 135 - 50. Let d = u + 25. Suppose 0*w + d = 5*w. Calculate the greatest common divisor of 11 and w.
11
Let k be (-2)/9 - (-346)/18. Let v = 1 + k. Calculate the highest common divisor of v and 4.
4
Suppose -5 + 1 = -j. Let o = j - 3. Suppose 2*r - 9 - 5 = 0. Calculate the greatest common divisor of r and o.
1
Suppose 3*k + 3*n = 48, 2*k + 0*n = -n + 36. Let s be 8/k + (-196)/(-10). Calculate the greatest common factor of 30 and s.
10
Suppose 3*a = -2*a + 135. Suppose 2*x - 8 = 2*n, -4*x - 4*n + a + 5 = 0. Calculate the greatest common factor of 6 and x.
6
Let j be -2 - (-28)/(4/(-2)). Let r be 16/40 - 47/5. Let f be (r/(-6))/((-6)/j). Calculate the highest common divisor of f and 16.
4
Suppose o + 2*y + 63 = y, -3*o - 4*y - 184 = 0. Let n = o - -119. What is the greatest common factor of 34 and n?
17
Let q = 11 + -4. Calculate the highest common divisor of 14 and q.
7
Let u(t) be the third derivative of t**4/6 - 4*t**3/3 + 2*t**2. Let r be u(8). Suppose 0*a = -a + r. What is the highest common factor of a and 60?
12
Let d(w) = 1024*w + 2. Let h be d(1). Let z be h/63 - (-2)/(-7). Suppose 0*f - 8 = -2*f. What is the greatest common factor of z and f?
4
Let t be (3/6)/(-1)*-22. Let l = -16 + -9. Let d = l + 47. What is the highest common divisor of d and t?
11
Let i(y) = y**3 + 10*y**2 + 16*y + 2. Let n be i(-8). Calculate the highest common divisor of 18 and n.
2
Suppose 0 = -c + 5*l + 80, -2*l + 10 = -7*l. Let y(f) = 6*f + 2. Let u be y(2). What is the highest common factor of c and u?
14
Suppose -4*b + 120 = b. Let i(o) = -3*o - 6. Let d be i(-4). Let z be 61 - 2/d*3. What is the highest common factor of b and z?
12
Let a be 153/12 - (-30)/(-40). Let d(b) = 9*b - 6. Let q be d(6). Calculate the highest common divisor of a and q.
12
Let b = -10 - -19. Let 